{"id":60,"date":"2017-12-29T15:23:48","date_gmt":"2017-12-29T07:23:48","guid":{"rendered":"http:\/\/nas2.biodiv.tw\/TIGP-biodiv\/?page_id=60"},"modified":"2025-08-28T09:59:41","modified_gmt":"2025-08-28T01:59:41","slug":"students","status":"publish","type":"page","link":"https:\/\/tigp-biodiv.biodiv.tw\/index.php\/students\/","title":{"rendered":"STUDENTS"},"content":{"rendered":"<p><img loading=\"lazy\" decoding=\"async\" class=\"alignnone  wp-image-2041\" src=\"http:\/\/tigp-biodiv.biodiv.tw\/wp-content\/uploads\/2025\/08\/01graduates-photos-300x169.jpg\" alt=\"\" width=\"890\" height=\"501\" srcset=\"https:\/\/tigp-biodiv.biodiv.tw\/wp-content\/uploads\/2025\/08\/01graduates-photos-300x169.jpg 300w, https:\/\/tigp-biodiv.biodiv.tw\/wp-content\/uploads\/2025\/08\/01graduates-photos-1024x576.jpg 1024w, https:\/\/tigp-biodiv.biodiv.tw\/wp-content\/uploads\/2025\/08\/01graduates-photos-768x432.jpg 768w, https:\/\/tigp-biodiv.biodiv.tw\/wp-content\/uploads\/2025\/08\/01graduates-photos-1536x864.jpg 1536w, https:\/\/tigp-biodiv.biodiv.tw\/wp-content\/uploads\/2025\/08\/01graduates-photos-2048x1152.jpg 2048w, https:\/\/tigp-biodiv.biodiv.tw\/wp-content\/uploads\/2025\/08\/01graduates-photos-533x300.jpg 533w\" sizes=\"auto, (max-width: 890px) 100vw, 890px\" \/><br \/>\n<!--more--><\/p>\n<p style=\"text-align: center;\"><span style=\"color: #000000;\"><strong>Year 2025<\/strong><\/span><\/p>\n<p style=\"text-align: center;\"><span style=\"color: #000000;\"><strong>International Students<\/strong><\/span><br \/>\n<span style=\"color: #000000;\">Chun-Fei Cheung (\u5f35\u99ff\u98db)<\/span><br \/>\n<span style=\"color: #000000;\">Seyed Morteza Razavi (\u85a9\u4f0a\u5fb7)<\/span><br \/>\n<span style=\"color: #000000;\">Varian Fahmi (\u74e6\u745e\u5b89)<\/span><br \/>\n<span style=\"color: #000000;\">Kurniadi (\u79d1\u90a3\u8fea)<\/span><br \/>\n<span style=\"color: #000000;\"><strong>Local Students<\/strong><\/span><br \/>\n<span style=\"color: #000000;\">Qiao-Yi Xie (\u8b1d\u55ac\u8abc)<\/span><br \/>\n<span style=\"color: #000000;\">Chung-Han Cheng (\u912d\u4e2d\u6db5)<\/span><br \/>\n<span style=\"color: #000000;\">Yu Tsai-Chen (\u8521\u9673\u53cb)<\/span><br \/>\n<span style=\"color: #000000;\">Geng-Xin Kong (\u5b54\u8015\u5fc3)<\/span><br \/>\n<span style=\"color: #000000;\">Ren-Ken Sun (\u5b6b\u6f64\u5eb7)<\/span><br \/>\n<span style=\"color: #000000;\">Tzu-Hsin Ku (\u9867\u5b50\u6b23)<\/span><\/p>\n<p style=\"text-align: center;\"><span style=\"color: #000000;\"><strong>Year 2024<\/strong><\/span><\/p>\n<p style=\"text-align: center;\"><span style=\"color: #000000;\"><strong><span style=\"color: #000000;\">International<\/span> Students<\/strong><\/span><br \/>\n<span style=\"color: #000000;\">Jeanette Mara Tan Sumagaysay (\u73cd\u59ae\u7279)<\/span><br \/>\n<span style=\"color: #000000;\">Audrey Wayne Manuel Abinal (\u744b\u6069)<\/span><br \/>\n<span style=\"color: #000000;\">Crissa Ann Inocencio Lilagan (\u514b\u8389\u838e)<\/span><br \/>\n<span style=\"color: #000000;\"><strong>Local Students<\/strong><\/span><br \/>\n<span style=\"color: #000000;\">Tzu-Yen Huang (\u9ec3\u5b50\u664f)<\/span><br \/>\n<span style=\"color: #000000;\">Yao-Feng Tsao(\u66f9\u8000\u5cf0)<\/span><br \/>\n<span style=\"color: #000000;\">Yi-Chi Li (\u674e\u7fca\u9f4a)<\/span><\/p>\n<p style=\"text-align: center;\"><span style=\"color: #000000;\"><strong>Year 2023<\/strong><\/span><\/p>\n<p style=\"text-align: center;\"><span style=\"color: #000000;\"><strong>International Students<\/strong><\/span><br \/>\n<span style=\"color: #000000;\">Joseph Kelly (\u68ee\u6797)<\/span><br \/>\n<span style=\"color: #000000;\">Ang\u00e8le Violette Rolland (\u5b89\u742a\u62c9)<\/span><br \/>\n<span style=\"color: #000000;\">Abner Aguilar Bucol (\u4e9e\u4f2f\u7d0d)<\/span><br \/>\n<span style=\"color: #000000;\">Diana Osipova (\u767d\u5b89\u5a1c)<\/span><br \/>\n<span style=\"color: #000000;\">Andrie Bon Alix Flores (\u5b89\u5fb7\u70c8)<\/span><br \/>\n<span style=\"color: #000000;\">Aileen Grace Dumanhug Delima (\u827e\u7433)<\/span><br \/>\n<span style=\"color: #000000;\">Polina Victorovna Pilieva (\u6ce2\u8389\u5a1c)<\/span><br \/>\n<span style=\"color: #000000;\"><strong>Local Students<\/strong><\/span><br \/>\n<span style=\"color: #000000;\">Kuan Lun Liu (\u5289\u51a0\u7db8)<\/span><br \/>\n<span style=\"color: #000000;\">Chi Yun Chang (\u5f35\u7dba\u8018)<\/span><br \/>\n<span style=\"color: #000000;\">Yu-Hsuan Huang (\u9ec3\u90c1\u8ed2)<\/span><\/p>\n<p style=\"text-align: center;\"><span style=\"color: #000000;\"><strong>Year 2022<\/strong><\/span><\/p>\n<p style=\"text-align: center;\"><span style=\"color: #000000;\"><strong>International Students<\/strong><\/span><br \/>\n<span style=\"color: #000000;\">Nathan William Price (\u666e\u8ffa\u7d33)<\/span><br \/>\n<span style=\"color: #000000;\">Dominique Ponsaran Mediodia (\u675c\u660e\u514b)<\/span><br \/>\n<span style=\"color: #000000;\">Jorika Smolikova (\u5c24\u8389\u5361)<\/span><br \/>\n<strong><span style=\"color: #000000;\">Local Students<\/span><br \/>\n<\/strong><span style=\"color: #000000;\">Yen-Ting Huang (\u9ec3\u8b8c\u5a77)<\/span><br \/>\n<span style=\"color: #000000;\">Mu-En Chen (\u9673\u6c90\u6069)<\/span><\/p>\n<p style=\"text-align: center;\"><span style=\"color: #000000;\"><strong>Year 2021<\/strong><\/span><\/p>\n<p style=\"text-align: center;\"><span style=\"color: #000000;\"><strong>International Students<\/strong><\/span><br \/>\n<span style=\"color: #000000;\">Mark Angelo Castillo Bucay (\u5e03\u99ac\u514b)<\/span><br \/>\n<span style=\"color: #000000;\">Trevor Clive Padgett (\u5d14\u5f17)<\/span><br \/>\n<span style=\"color: #000000;\"><strong>Local Students<\/strong><\/span><br \/>\n<span style=\"color: #000000;\">Chiung-Chih Chang (\u5f35\u74ca\u4e4b)<\/span><br \/>\n<span style=\"color: #000000;\">Cheng-Wei Chen (\u9673\u6b63\u70ba)<\/span><br \/>\n<span style=\"color: #000000;\">Zong-Yu Shen (\u6c88\u5b97\u8aed)<\/span><br \/>\n<span style=\"color: #000000;\">Chung Hsin Huang(\u9ec3\u5d07\u946b)<\/span><\/p>\n<p style=\"text-align: center;\"><span style=\"color: #000000;\"><strong>Year 2020<\/strong><\/span><\/p>\n<p style=\"text-align: center;\"><span style=\"color: #000000;\"><strong>International Students<\/strong><\/span><br \/>\n<span style=\"color: #000000;\">Felipe Monteiro Gomes de Mattos\u00a0(\u99ac\u98db\u91cc)<\/span><br \/>\n<span style=\"color: #000000;\">John Karichu Mwihaki(\u9673\u65ed)<\/span><br \/>\n<span style=\"color: #000000;\">Kiran Kumar Eripogu\u00a0(\u4f0a\u5947\u6717)<\/span><br \/>\n<span style=\"color: #000000;\"><strong>Local Students<\/strong><\/span><br \/>\n<span style=\"color: #000000;\">Yu-Hsin Huang(\u9ec3\u7389\u99a8)<\/span><br \/>\n<span style=\"color: #000000;\">Po Cyun Wang(\u738b\u535a\u7fa4)<\/span><\/p>\n<p style=\"text-align: center;\"><span style=\"color: #000000;\"><strong>Year 2019<\/strong><\/span><\/p>\n<p style=\"text-align: center;\"><span style=\"color: #000000;\"><strong>International Students<\/strong><\/span><br \/>\n<span style=\"color: #000000;\">Danilo Niem Tandang\u00a0 (\u6e6f\u5c3c\u6d1b)<\/span><br \/>\n<span style=\"color: #000000;\">Ace Kevin Surara Amarga (\u827e\u65af)<\/span><br \/>\n<span style=\"color: #000000;\">Mattia De Vivo (\u99ac\u5e1d\u4e9e)<\/span><br \/>\n<span style=\"color: #000000;\"><strong>Local Student<\/strong><\/span><br \/>\n<span style=\"color: #000000;\">Shih-Fan Chan (\u8a79\u4ed5\u51e1)<\/span><br \/>\n<span style=\"color: #000000;\">Ching-chun Lin (\u6797\u9756\u6df3)<\/span><br \/>\n<span style=\"color: #000000;\">Chia-ling Fong (\u99ae\u4f3d\u4f36)<\/span><br \/>\n<span style=\"color: #000000;\">Jhen Liu (\u5289\u93ae)<\/span><\/p>\n<p style=\"text-align: center;\"><span style=\"color: #000000;\"><strong>Year 2018<\/strong><\/span><\/p>\n<p style=\"text-align: center;\"><span style=\"color: #000000;\"><strong>International Students<\/strong><\/span><br \/>\n<span style=\"color: #000000;\">Niklas Dreyer (\u9ece\u53e4\u62c9)<\/span><br \/>\n<span style=\"color: #000000;\">S\u00e9bastien Patrice Vincent B\u00e9niguel (\u8cfd\u5e15\u5ef7)<\/span><br \/>\n<span style=\"color: #000000;\">Rikke Beckmann Dahl (\u6234\u82ae\u742a)<\/span><br \/>\n<span style=\"color: #000000;\">Mark Louie Diwatin Lopez (\u7f85\u99ac\u514b)<\/span><br \/>\n<span style=\"color: #000000;\"><strong>Local Student<\/strong><\/span><br \/>\n<span style=\"color: #000000;\">Yi-Chien Lee (\u674e\u5b9c\u8b19)<\/span><\/p>\n<p style=\"text-align: center;\"><span style=\"color: #000000;\"><strong>Year 2017<\/strong><\/span><\/p>\n<p style=\"text-align: center;\"><span style=\"color: #000000;\"><strong>International Students<\/strong><\/span><br \/>\n<span style=\"color: #000000;\">Cristy Sales Acabado (\u6842\u601d\u7df9)<\/span><br \/>\n<span style=\"color: #000000;\">Brandon Mong Guo Jie (\u8499\u56fd\u6770)<\/span><br \/>\n<span style=\"color: #000000;\">Jonathan Manuel Eric Peereman (\u767d\u55ac\u6960)<\/span><br \/>\n<span style=\"color: #000000;\">Khiem Minh Nguyen (\u962e\u660e\u53ef)<\/span><br \/>\n<span style=\"color: #000000;\">Tuan Quang Le (\u9ece\u5149\u77b3)<\/span><br \/>\n<span style=\"color: #000000;\">Mesfin Teshome Russo (\u6885\u601d\u5b8f)<\/span><br \/>\n<span style=\"color: #000000;\">Kriti Bhagat (\u5df4\u53ef\u5a77)<\/span><br \/>\n<span style=\"color: #000000;\">Phunsin Kantha (\u7518\u5bcc\u4fe1)<\/span><br \/>\n<span style=\"color: #000000;\"><strong>Local Student<\/strong><\/span><br \/>\n<span style=\"color: #000000;\">Pei-Feng Sun (\u5b6b\u57f9\u5cf0)<\/span><\/p>\n<p style=\"text-align: center;\"><span style=\"color: #000000;\"><strong>Year 2016<\/strong><\/span><br \/>\n<span style=\"color: #000000;\"><strong>International Students<\/strong><\/span><br \/>\n<span style=\"color: #000000;\">Aziz Jabir Mulla (\u83ab\u827e\u5947)<\/span><br \/>\n<span style=\"color: #000000;\">Zhi Wei Hoh (\u4f55\u82b7\u851a)<\/span><br \/>\n<span style=\"color: #000000;\">Leocris Jr Saavedra Batucan (\u767d\u91cc\u6b50)<\/span><br \/>\n<span style=\"color: #000000;\">Princess Angelie Salipong Casas (\u5361\u840d\u601d)<\/span><br \/>\n<span style=\"color: #000000;\">Diaiti Gou Zure (\u7956\u5e1d\u611b)<\/span><br \/>\n<span style=\"color: #000000;\"><strong>Local Students<\/strong><\/span><br \/>\n<span style=\"color: #000000;\">Kung-Ping Lin (\u6797\u606d\u5e73)<\/span><br \/>\n<span style=\"color: #000000;\">Tracy Jiaye Lee (\u674e\u4f73\u71c1)<\/span><br \/>\n<span style=\"color: #000000;\">Ming-Yuan Yang (\u694a\u660e\u6df5)<\/span><br \/>\n<span style=\"color: #000000;\">Wen-Hua Chou (\u5468\u6587\u83ef)<\/span><br \/>\n<span style=\"color: #000000;\">Sing-Yi Hou (\u4faf\u5e78\u6021)<\/span><br \/>\n<span style=\"color: #000000;\">Min-Chen Wang (\u738b\u654f\u771f)<\/span><\/p>\n<p style=\"text-align: center;\"><span style=\"color: #000000;\"><strong>Year 2015<\/strong><\/span><br \/>\n<span style=\"color: #000000;\"><strong>International Students<\/strong><\/span><br \/>\n<span style=\"color: #000000;\">Wye Lup Kong (\u6c5f\u5049\u7acb)<\/span><br \/>\n<span style=\"color: #000000;\">Derek Alexander Soto Rodriguez (\u5b8b\u5fb7\u745e)<\/span><br \/>\n<span style=\"color: #000000;\">Ian Nicholas Best (\u738b\u610f\u5b89)<\/span><br \/>\n<span style=\"color: #000000;\">Viet Do Hung Dang (\u9127\u675c\u96c4\u8d8a)<\/span><\/p>\n<p style=\"text-align: center;\"><span style=\"color: #000000;\"><strong>Year 2014<\/strong><\/span><br \/>\n<span style=\"color: #000000;\"><strong>International Students<\/strong><\/span><br \/>\n<span style=\"color: #000000;\">Jin Yung Wong (\u738b\u656c\u6e67)<\/span><br \/>\n<span style=\"color: #000000;\">Hari Prasad Sharma (\u590f\u7ff0\u7acb)<\/span><br \/>\n<span style=\"color: #000000;\">Lauriane Charlotte Ribas Deulofeu (\u96f7\u82e5\u5b89)<\/span><br \/>\n<span style=\"color: #000000;\">St\u00e9phane Pierre de Palmas (\u6f58\u723e\u746a)<\/span><br \/>\n<span style=\"color: #000000;\">M\u1ef9 H\u1ea1nh L\u00ea (\u9ece\u7f8e\u5e78)<\/span><br \/>\n<span style=\"color: #000000;\">Rainer Ferdinand Wunderlich (\u8449\u6069\u4f50)<\/span><br \/>\n<span style=\"color: #000000;\">H\u00f9ng Ng\u1ecdc Nguy\u1ec5n (\u962e\u5b87\u9d3b)<\/span><br \/>\n<span style=\"color: #000000;\"><strong>Local Students<\/strong><\/span><br \/>\n<span style=\"color: #000000;\">Yuan-Cheng Cheng (\u912d\u5143\u8aa0)<\/span><\/p>\n<p style=\"text-align: center;\"><span style=\"color: #000000;\"><strong>Year 2013<\/strong><\/span><br \/>\n<span style=\"color: #000000;\"><strong>International Students<\/strong><\/span><br \/>\n<span style=\"color: #000000;\">Juliet Furaha Karisa (\u9ad8\u8389\u96c1)<\/span><br \/>\n<span style=\"color: #000000;\">Edi Sudianto (\u9673\u7ae0\u8f1d)<\/span><br \/>\n<span style=\"color: #000000;\">Rodrigo Enrique Carballo Bola\u00f1os (\u9ad8\u6d1b\u5fb7)<\/span><br \/>\n<span style=\"color: #000000;\"><strong>Local Students<\/strong><\/span><br \/>\n<span style=\"color: #000000;\">Che-Hung Lin (\u6797\u54f2\u5b8f)<\/span><br \/>\n<span style=\"color: #000000;\">Yu-Ju Chen (\u9673\u6631\u5112)<\/span><\/p>\n<p style=\"text-align: center;\"><span style=\"color: #000000;\"><strong>Year 2012<\/strong><\/span><br \/>\n<span style=\"color: #000000;\"><strong>International Students<\/strong><\/span><br \/>\n<span style=\"color: #000000;\">Silvia Fontana (\u65b9\u68ee\u5a6d)<\/span><br \/>\n<span style=\"color: #000000;\">Adriana Maria Santacruz (\u6851\u5b89\u5a1c)<\/span><br \/>\n<span style=\"color: #000000;\">Vi\u1ec7t \u0110\u00e0i \u0110\u1eb7ng (\u9127\u5c0f\u7f8e)<\/span><br \/>\n<span style=\"color: #000000;\"><strong>Local Students<\/strong><\/span><br \/>\n<span style=\"color: #000000;\">Yi-Lung Chen (\u9673\u5b9c\u9f8d)<\/span><br \/>\n<span style=\"color: #000000;\">Cheng-Hsuan Weng (\u7fc1\u6b63\u8ed2)<\/span><br \/>\n<span style=\"color: #000000;\">Bo-Fei Chen (\u9673\u4f2f\u98db)<\/span><\/p>\n<p style=\"text-align: center;\">\n","protected":false},"excerpt":{"rendered":"","protected":false},"author":1,"featured_media":0,"parent":0,"menu_order":0,"comment_status":"closed","ping_status":"closed","template":"","meta":{"footnotes":""},"class_list":["post-60","page","type-page","status-publish","hentry"],"_links":{"self":[{"href":"https:\/\/tigp-biodiv.biodiv.tw\/index.php\/wp-json\/wp\/v2\/pages\/60","targetHints":{"allow":["GET"]}}],"collection":[{"href":"https:\/\/tigp-biodiv.biodiv.tw\/index.php\/wp-json\/wp\/v2\/pages"}],"about":[{"href":"https:\/\/tigp-biodiv.biodiv.tw\/index.php\/wp-json\/wp\/v2\/types\/page"}],"author":[{"embeddable":true,"href":"https:\/\/tigp-biodiv.biodiv.tw\/index.php\/wp-json\/wp\/v2\/users\/1"}],"replies":[{"embeddable":true,"href":"https:\/\/tigp-biodiv.biodiv.tw\/index.php\/wp-json\/wp\/v2\/comments?post=60"}],"version-history":[{"count":52,"href":"https:\/\/tigp-biodiv.biodiv.tw\/index.php\/wp-json\/wp\/v2\/pages\/60\/revisions"}],"predecessor-version":[{"id":2044,"href":"https:\/\/tigp-biodiv.biodiv.tw\/index.php\/wp-json\/wp\/v2\/pages\/60\/revisions\/2044"}],"wp:attachment":[{"href":"https:\/\/tigp-biodiv.biodiv.tw\/index.php\/wp-json\/wp\/v2\/media?parent=60"}],"curies":[{"name":"wp","href":"https:\/\/api.w.org\/{rel}","templated":true}]}}